7*z + 16. Let c be p(8). Let m(l) = 4*l**3 + 10*l**2 - 7*l + 25. Is m(c) composite?
False
Suppose 12 = 3*y, -h - 3*h - 3*y = -16. Let w be 4 - h - (-4017)/13. Let i = 79 + w. Is i prime?
False
Let i = -1063 + -2528. Let g = -2334 - i. Is g composite?
True
Is 2*((-5550292)/(-88) - (0 - 0)) composite?
False
Let k be 9/(-3)*(-2)/1. Let y be ((120/25)/k)/((-4)/(-10)). Suppose -4*a = 20, 2*a = y*n - a - 629. Is n a composite number?
False
Is 5 - (-4 + (-9 - -9) - 868) a prime number?
True
Let x be (6/(-4))/(9/(-15642)). Let s = -1322 + x. Let j = s + -534. Is j prime?
True
Let h = 97652 + -22737. Is h prime?
False
Suppose 38*q + 312758 - 1665672 = 0. Is q a composite number?
False
Suppose 141 - 156 = -5*v. Is -4 - (-4812)/((-12)/(-4)) - v a prime number?
True
Suppose 27*m - 72*m = -5629140. Suppose 0 = 6*k - m - 68882. Is k prime?
False
Suppose 15390 = -35*f + 62*f. Suppose b - f = 4*s, -8*b = -3*b + 2*s - 2762. Is b a composite number?
True
Let x be (-16)/(-5) + (-8)/40. Let y = 81 + -82. Is y/2*(3/x - 1515) a prime number?
True
Let h(f) = -f**3 + 12*f**2 + f - 7. Let r be h(12). Is ((-223)/r)/(26/(-910)) a composite number?
True
Let h(q) be the second derivative of 187*q**5/20 + q**4/3 + 3*q**3/2 + 9*q**2 + 10*q. Let d be h(8). Is (2*2)/(-2)*d/(-60) a prime number?
True
Is ((-4)/((-72)/(-961122)))/((-2)/2)*3 prime?
False
Let l(h) be the second derivative of -h**3/6 + 9*h**2 + 10*h. Let i be l(13). Suppose 2*m + 798 = 4*u - 30, i*m = -5*u + 1065. Is u composite?
True
Is 3/12 - 35818260/(-240) a composite number?
True
Let b be 1 + 2 + (22 - 10). Is (-20554)/(-5) - (-3)/b a prime number?
True
Suppose 0 = -5*x + 3*d + 818409, 2*x - 1083*d + 1080*d = 327378. Is x a composite number?
True
Let o be (12 + -26 + 9)*(-3)/5. Suppose 8*a = o*a + 6805. Is a composite?
False
Is 1 + -15 + -328 + 99191 a prime number?
True
Let b(y) = -y**3 + 34 - 34 + 0*y**2 - 4*y - 4*y**2. Let j be b(-3). Is (j/12)/((-9)/(-2124)) a composite number?
False
Suppose -626611 = -15*f + 3522693 + 9161. Is f prime?
True
Suppose 0 = g - 4*c + 7224, 8*g + 2*c = 12*g + 28966. Let y = g - -25763. Is y a prime number?
False
Let y be (3/4)/((-3)/6864). Let v = 1092 + y. Let j = -437 - v. Is j a prime number?
False
Suppose 703*i = 800*i - 24743827. Is i a composite number?
True
Suppose 9728786 = 123*p - 9513821 + 2569588. Is p prime?
False
Suppose p - 2*n = 319765, 2*p - n = 5*p - 959323. Is p a composite number?
True
Suppose 2*k = -4, -54*k + 57*k + 1629909 = 3*c. Is c a prime number?
False
Let q = -68377 - -320234. Is q prime?
True
Let q(w) = -2*w**3 + 0 - 10 + 12*w + 301*w**2 - 282*w**2. Let m be q(9). Let r = 885 - m. Is r composite?
True
Suppose 7*i + 5*i = -1212. Let g = i + 97. Is g*7170/(-48)*(3 - 1) a prime number?
False
Suppose 26*s - 18*s = 3816. Suppose -3*o - 2*f + 1433 = 0, 2*o - 3*o + s = f. Is o a composite number?
False
Let n(r) = r**2 + 12*r + 31. Let s be n(-8). Is 12012 + 61 + (-1 + -2 - s) prime?
True
Let h(p) = -p**3 + p**2 + 10. Let r be h(0). Let v(j) = -r + 91*j + 7 + 17*j. Is v(5) prime?
False
Is (-13)/((-39)/(-7)) + 234488/6 a prime number?
True
Let m = -28455 + 66778. Is m a prime number?
False
Let w be (-1 + 5)/2*22. Let p = 44 - w. Suppose 2*c + 1159 = b, -c + 1147 = b - p*c. Is b a composite number?
False
Let q = 1211910 - 559369. Is q composite?
False
Let k(o) = o + 1. Let s = -31 - -33. Let l be k(s). Suppose -l*z = -461 - 1774. Is z prime?
False
Suppose 8*i + 0*i = -8*i + 572080. Is i composite?
True
Let x(f) = -f**2 - 25*f - 22. Let n be x(-20). Suppose 80*t + 4 = n*t. Is (2508/18)/(t/(-3)) a prime number?
False
Let w = -260841 + 399530. Is w composite?
True
Suppose 0 = 22*a - 35192 - 15914. Suppose -f + a = -1188. Is f prime?
True
Let f(c) = 29*c - 11. Let a be f(10). Let h = -168 + 358. Let x = a - h. Is x composite?
False
Let p(a) = -975*a + 31. Let x(u) = -u. Let d(q) = -484*q + 15. Let b(g) = -d(g) - 4*x(g). Let z(o) = -5*b(o) - 2*p(o). Is z(-2) composite?
True
Suppose 17*m = -2*j + 326767, 5*j - 8*j + 3*m = -489894. Is j a prime number?
True
Suppose -95*m + 35062 = -97*m. Let z = 25996 + m. Is z prime?
False
Let n be (-1 + 2)*3/(-1) + -2178. Let p = 4334 + n. Is p a composite number?
False
Suppose 0 = 2*q + 653 - 4119. Suppose b - 2054 = q. Suppose b = 27*j - 20*j. Is j a composite number?
False
Let p = 297 + -294. Suppose d - 3*b = -4*b + 4618, 2*d - 9251 = p*b. Is d composite?
False
Suppose -6*a + 1085 = 239. Let n be (a/(-6) - 0)/(2/(-24)). Suppose 0 = -3*m + 5*z + n + 170, 2*m + 4*z = 294. Is m prime?
True
Let p(f) = f**3 - 29*f**2 - 174*f + 209. Is p(56) a composite number?
True
Let q = 17 + 10. Suppose -2*j + 235 + q = 0. Suppose 3*p = 3202 + j. Is p composite?
True
Let p = 508886 + -211879. Is p prime?
False
Suppose 0 = c + 2*o + 168, 3*c - 705 = 7*c - 3*o. Let n be (c/(-8) + -1)*-4. Is 3 + (1 + n)/(-1) a composite number?
True
Suppose 2*r = 1046720 - 424670. Is 2/(-8) + 8/(416/r) a composite number?
False
Let f = 91 + -89. Suppose x - 1868 = -3*h, -5*x = -f*h + 2005 - 737. Suppose 6*n - h = 1122. Is n a prime number?
False
Suppose 5*o - 4*h = -7*h - 56449, 2*o - 3*h + 22567 = 0. Let k = -6679 - o. Is k composite?
True
Suppose -23048518 = 105*z - 32416476 - 66417787. Is z composite?
True
Suppose 169164 - 13848972 = 48*r - 144*r. Is r prime?
False
Is 2/(-3) + (-364814)/141*530/(-4) composite?
False
Let d be 1080/252 + (-4)/14. Is d + (2 - -1473) + 2 a prime number?
True
Suppose -3*v + 43794 = 4*y, -y - 2*y = -5*v + 73019. Let o = -2739 + v. Is o composite?
False
Let y be ((-12)/14)/((-3)/14). Let m be 16 + y/16*4. Suppose 20*h = m*h + 993. Is h a prime number?
True
Suppose 0 = -4*f + 11*f - 35. Suppose -d - 5*r = -54 - 68, 0 = 2*d - f*r - 259. Is d prime?
True
Let d be 2/4*0 - -615. Suppose 80*j - 39 = 67*j. Suppose -4*t + 95 + 425 = j*m, d = 5*t - 5*m. Is t a prime number?
True
Suppose -6*a + 48426 = 1014. Suppose -2*s = 4*i - 7*s - a, 4*i - 7888 = -2*s. Is i prime?
True
Let k be 2 + (-31)/(-8) - (-56)/448. Is k - (6500/(-40))/(2/28) prime?
True
Let i = 9774 - -81509. Is i a composite number?
False
Suppose -133*u + 177585 = -128*u + 5*v, -2*u - 5*v = -71022. Is u prime?
True
Let s = 26 - 107. Let t = -78 - s. Suppose 3*k - 4195 = -t*c + 4*c, -c = -k + 1401. Is k a composite number?
True
Let o(d) be the first derivative of 15*d**2 + 91*d + 55. Is o(18) a composite number?
False
Let l(m) = -m**3 + 4*m**2 + m - 3. Let f be l(3). Suppose f*b = -5*c + 13*b + 22477, -17963 = -4*c - 3*b. Is c a composite number?
False
Suppose -14*g + 13*g + 18 = 0. Suppose 2*k + 12 = -g. Is 1396 - -2*k/(-10) a prime number?
True
Suppose 5*j - 3018 = -2*t, 2*j - 5*t = -j + 1786. Suppose -424 - j = -27*b. Is b a composite number?
True
Let g(c) = -c**2 - 8*c - 4. Let y be g(-6). Suppose -y*q + 6*q = 6244. Is q/(-8) + (0 - 3/(-4)) composite?
True
Let n = 18626 - -946341. Is n composite?
False
Is (-6*(-5)/45)/((-10)/(-2403795)) a composite number?
False
Let r(b) = -17*b**3 - 23*b**2 + 22*b - 239. Is r(-24) a composite number?
True
Let w = 175 - 172. Suppose -9 = 3*z, w*p - 3*z - 21752 = 5308. Is p a prime number?
False
Let q(i) = 226*i**2 - 937*i + 50. Is q(21) a prime number?
True
Suppose 5*s = -i + 245187, i + 29*s - 27*s - 245175 = 0. Is i a prime number?
False
Let h be (-1)/((-5)/10 - 0/(-5)). Let z(w) = 8470*w + 9. Is z(h) prime?
False
Let z(g) = -3*g + 3. Let t be z(1). Suppose 3*y - 4*y - 4*u + 9579 = t, -2*y = 3*u - 19148. Is y composite?
True
Let i(b) = -b**3 - 36*b**2 + 226*b + 220. Is i(-69) a composite number?
True
Suppose -3*f + 5*u + 1237024 = 0, f - 6*f = -2*u - 2061675. Is f prime?
True
Suppose -20*c + 21*c = 1505. Let q = c - -146. Is q a prime number?
False
Let m be (4 - 4)/((-1)/((-2)/4)). Suppose 507 = 3*w - m*w. Is 26/w + (-23890)/(-26) composite?
False
Suppose 517 = -4*u + 21. Let i = 224 + u. Is (-15)/(-2 + 7) + i a prime number?
True
Suppose -5*j - 6 = -21. Suppose j*b + 0*b - 34997 = -5*s, -21003 = -3*s - 3*b. Is s a composite number?
False
Suppose -3*v + 279 = 273. Suppose -3960 = 4*n + i - 40871, -3*n - v*i + 27677 = 0. Is n composite?
True
Suppose 8*m = -3 - 13. Let v be 220*m/((-40)/(-45)). Is -4 - v/(-10)*-50 a prime number?
False
Let b(z) = -5*z + 126. Let y be b(25). Is ((-90142)/(-13)*(-3)/(-2))/y a prime number?
False
Let n = 14 - 35.